remainder when ((-14)/(-5) - 2)/((-2)/(-15)) is divided by g(v)?
0
Let o(m) = -12*m - 51. Let y be o(-10). Suppose 6*a = 93 + y. Let c = -13 - -27. What is the remainder when a is divided by c?
13
Suppose 5*u + 9*b - 17061 = 13*b, 0 = -u + 5*b + 3387. What is the remainder when u is divided by 38?
35
Suppose -4*l + 2159 = 3*d, 302*d + 3*l = 299*d + 2157. Calculate the remainder when d is divided by 48.
45
Let k(p) = p**3 + 8*p**2 + p - 4. Let y be k(-3). Let d = -43 + y. Let z(w) = -w**2 - 5*w + 7. What is the remainder when z(d) is divided by 2?
1
Let j be 1 + (-1 + 4)*1. Suppose 3*q - 24 = 5*t + 2*q, 5*q - j = -4*t. Calculate the remainder when t/((-16)/12)*17 is divided by 13.
12
Suppose -k = -h + 3*h - 9, h - 2*k - 17 = 0. Suppose 3*z + 13 = -2*f + 57, -f - 2*z = -22. Calculate the remainder when f is divided by (2 + 0)*((h - 6) + 3).
6
Let h = 96 + -79. Let a be 246/24 + -6 - (-1)/(-4). Let u(j) = 3*j**3 - 8*j**2 + 7*j + 7. What is the remainder when u(a) is divided by h?
14
What is the remainder when 370 is divided by ((-21)/(-35) - 1832/(-30))*3?
0
Let y be (-303)/(-27) + 2 + 30/(-135). Suppose 6*v - y = 5*v. Let u = -89 - -150. What is the remainder when u is divided by v?
9
Let n = 8555 + -4238. Calculate the remainder when n is divided by 18.
15
Let t = 147 + -148. Calculate the remainder when 6 is divided by 7 + -5 + (1 - t).
2
Suppose c - 2*f + f = 32, 3*c - 5*f = 90. Suppose 0 = 4*n + 5*m - 48, 5*m + 3 + 9 = n. Calculate the remainder when c is divided by n.
11
Suppose -33 = -4*l - 5*j + 33, l - 2*j = 10. What is the remainder when 341 is divided by ((7224/(-9))/l)/((-2)/3)?
83
Suppose -2*m - 4*u = -3*u - 415, -1040 = -5*m - 2*u. What is the remainder when m is divided by 100?
10
Suppose -9*i + 11183 = -7861. What is the remainder when i is divided by 265?
261
Let y(r) = -r**3 + 26*r**2 - 34*r + 31. Let i be y(25). Let b = 253 + i. Calculate the remainder when b is divided by 12.
11
Let h = -10 + 17. Suppose -5*r - 2 = -3*r, 0 = 2*j - 4*r + 6. Let i(z) = z**2 - 2*z - 10. Calculate the remainder when i(j) is divided by h.
4
Let j(b) = 8*b + 5. Let c be j(-4). What is the remainder when c/18*(-18 + 0) is divided by 9?
0
Let q(z) = -2*z - 73. Let a be q(-9). Let j = 115 + a. What is the remainder when 297 is divided by j?
57
Suppose 49*a = -96*a - 4*a + 111154. Calculate the remainder when a is divided by 44.
42
Suppose -6 = 2*u, -3*u + 562 - 39 = 4*t. Calculate the remainder when 488 is divided by t.
89
Let m be (-344)/(-44) - 3*4/(-66). Suppose -63 = -m*d + 121. Calculate the remainder when 84 is divided by d.
15
Let b = 1279 + -1234. Suppose 3*m = -2*u + 2, -u = -m - 4*m + 25. Suppose k + m*k = 60. What is the remainder when b is divided by k?
9
Let d(f) = -5*f**3 + 49*f**2 - 31*f - 4. What is the remainder when 2/(760/(-2025) + (-4)/(-10)) is divided by d(9)?
40
Suppose -5*f + 14*s + 514 = 15*s, 0 = -3*s + 12. What is the remainder when 4281 is divided by f?
99
Let y = 116287 - 116203. Calculate the remainder when 263 + -1*(0 + -1) is divided by y.
12
Suppose -207 = -30*x + 20*x + x. Suppose 4*n - c - 3*c = -4, -3*c + 3 = 0. Suppose 4*t - 108 = -n*t. What is the remainder when t is divided by x?
4
Let m(j) = 2*j + 28. Let z be m(-16). Let n = 31 - z. Suppose 0 = b - r - 18, -5*b = -4*r - 50 - n. Calculate the remainder when b is divided by 7.
6
Let p(n) = -12*n + 60. Let t = 671 + -669. What is the remainder when p(t) is divided by 13?
10
Let m(x) = x**2 - 7*x + 8. Let r be m(5). What is the remainder when ((-132)/4 + 3)*(0 + r) is divided by 13?
8
Let g(y) = -12*y - 345. Let x be g(-35). Suppose 0 = -3*j - 3*c + x, -5*j - 8*c + 11*c = -149. Calculate the remainder when 105 is divided by j.
21
Let n be (15 - 16) + (-6)/(-1). Suppose -480 = -11*h - n*h. Suppose -2*o - g + 3*g = -180, -4*g = -o + 96. Calculate the remainder when o is divided by h.
28
What is the remainder when 16/(-32)*((-2)/(-7) - (-19664)/(-28)) is divided by 15?
6
Let j = -15 + 55. Suppose 3*t + 902 = 3*n + 332, -5*n + 1013 = 4*t. Calculate the remainder when n is divided by j.
37
Suppose 0 = 2*y - 230 - 14. Suppose 0 = -799*u + 761*u + 342. Calculate the remainder when y is divided by u.
5
Suppose 399 = 10*q - 0*q + 47*q. What is the remainder when 300 is divided by q?
6
Suppose -4*z - 4*v = -5*v - 120, -3*z - 2*v + 90 = 0. Suppose -3*a = -2*w - 0*a + 473, -2 = -2*a. What is the remainder when w is divided by z?
28
Let b be 10/2 + -6 + 8/2. Suppose 18 = 2*j - b*m, 4*j - m - 4*m = 36. Calculate the remainder when (2 - 0)*-1*-62 is divided by j.
7
Let k(u) be the first derivative of 5*u**3 + u**2/2 - 6*u + 43. What is the remainder when k(-2) is divided by 82/6 - (-3)/9?
10
Let q = 338 + -185. Suppose 0 = -5*v + 14*v - q. Suppose -3*z + 225 = 3*o, 2 = 5*o + v. What is the remainder when z is divided by 16?
14
Suppose 0 = 7*m - 3*s - 743, -2*s + 560 = 2*m + 342. Let x(h) = h**3 + 4*h**2 + 2. What is the remainder when m is divided by x(-2)?
7
Let z be 4/16*35 - (-2)/8. Let j = 79 + z. Suppose 0 = -0*u - 8*u + j. Calculate the remainder when 26 is divided by u.
4
Let g be 25/(-10) + -10*1/(-4). Suppose -5*n + 5 = g, a = 5*a - 4*n - 280. Calculate the remainder when a is divided by (-25)/((-1 - -3) + -3).
21
Let p(d) = d**2 - 8*d + 3. Let q be p(8). Suppose 2*u = q*u - 63. Let w(x) = x**3 + 31*x**2 + 109*x + 40. What is the remainder when u is divided by w(-27)?
11
Let w = -96888 - -96925. Let m = 28 + -13. What is the remainder when w is divided by m?
7
Let i(b) = b**2 + 35*b + 317. Calculate the remainder when 134 is divided by i(-12).
11
Suppose 3*t = -2*n - 8, 3*n - 6*n = -4*t - 5. Let k(a) = 22*a**2 + 2*a + 2. Calculate the remainder when 61 is divided by k(n).
17
Suppose 82*z - 54*z = -24*z + 15392. Calculate the remainder when z is divided by 34.
24
Let v = -651 - -3842. Calculate the remainder when v is divided by 38.
37
Let b = 101 - -81. Suppose -3*t - 84 = g - 0*t, 0 = -3*g + t - 212. Let o = b + g. What is the remainder when o is divided by 28?
26
Suppose -2*h - 1664 + 1666 = 0, -4*s + 41 = h. Calculate the remainder when 16279 is divided by s.
9
Let f(y) = -2*y**3 - 30*y**2 - 142*y + 25. Calculate the remainder when f(-13) is divided by 52.
51
Suppose -3*o + 15 = 7*s - 4*s, 0 = -4*s + 4*o - 4. Suppose 5*y - 7*y + 158 = 5*u, s*u - 170 = -2*y. Calculate the remainder when y is divided by 25.
14
Let f(j) = 80*j. Suppose 5*p - 781 = -4*x + 1226, -2*p - 4*x = -810. Calculate the remainder when p is divided by f(1).
79
Let x be (-10)/(-65) - 37/(-13). Suppose x*i + 52 = 3*l + 8*i, 93 = 5*l + 2*i. Let r = -930 + 986. Calculate the remainder when r is divided by l.
18
Let w(g) = 2*g + g**3 - 62*g**2 - 2*g**3 + 67*g**2 - 6. Let m be w(4). Calculate the remainder when (m/3)/(3/14) is divided by 15.
13
Suppose 0 = 4*d + d + 10. Let s = 426 + -444. Calculate the remainder when 19 is divided by (-18 - s/(-6))*d/6.
5
Let a(t) = -354*t + 723. Let w = 13 + -8. Calculate the remainder when a(2) is divided by w.
0
Let w(h) = -48*h + 1008. Calculate the remainder when w(9) is divided by 11.
4
Suppose -4*w - 272 = -2*a + 8, 4*a - 550 = -2*w. Suppose -16*d - 195 + 510 = -389. Calculate the remainder when a is divided by d.
6
What is the remainder when 7535/22*(-7 + (-497)/(-35)) is divided by 27?
9
Let w = -5039 - -5050. What is the remainder when 753 is divided by w?
5
Let h be 1/(-1) + 195/(-13). Let t = h + 94. What is the remainder when t is divided by 14?
8
Let f(v) = -v**3 + 3*v**2 - v + 3. Let p = -49 + 49. Let t = -41 - -69. What is the remainder when t is divided by f(p)?
1
Suppose 0 = -6*k + 7*k - 80. Suppose 0 = -112*z + 658 + 910. Calculate the remainder when k is divided by z.
10
Calculate the remainder when 3078 is divided by -9 + 6 + (63 - -3) - (4 - 8).
63
Let t = -7 - -10. Let z = 34 + -26. Suppose -12 = 4*f - z*f. What is the remainder when t is divided by f?
0
Let c(n) = n**2 - 18*n + 65. Let u be c(13). Suppose 6*g - 24 = -u*g. Calculate the remainder when 86 is divided by g.
2
Calculate the remainder when 3868/12 + (-1)/3 is divided by (30/17)/(2150/43860).
34
Let h = -1009 - -1583. Let p = 714 - h. What is the remainder when p is divided by 74?
66
Suppose 11*c - 9*c = -5*a - 1056, -4*c = 2*a + 2112. Let q = -494 - c. Calculate the remainder when q